
0
What is the hundred millions digit of 359055862?
3
What is the ten thousands digit of 43016997?
1
What is the hundreds digit of 217963280?
2
What is the millions digit of 70517945?
0
What is the millions digit of 1668693123?
8
What is the tens digit of 370333076?
7
What is the millions digit of 406509510?
6
What is the millions digit of 219383605?
9
What is the units digit of 781650648?
8
What is the thousands digit of 1265276709?
6
What is the hundreds digit of 1722508092?
0
What is the hundred thousands digit of 99732558?
7
What is the hundred thousands digit of 228668822?
6
What is the hundred millions digit of 1877079685?
8
What is the ten millions digit of 1919069761?
1
What is the billions digit of 6610118787?
6
What is the ten thousands digit of 3976684042?
8
What is the units digit of 64182315?
5
What is the thousands digit of 966076817?
6
What is the ten thousands digit of 235277650?
7
What is the units digit of 526141687?
7
What is the thousands digit of 28515094?
5
What is the millions digit of 153152823?
3
What is the thousands digit of 355742958?
2
What is the ten millions digit of 60452523?
6
What is the tens digit of 128860009?
0
What is the hundred thousands digit of 427061957?
0
What is the units digit of 988337?
7
What is the hundred thousands digit of 40835122?
8
What is the thousands digit of 96713482?
3
What is the tens digit of 187242910?
1
What is the units digit of 814269096?
6
What is the hundred thousands digit of 11567755?
5
What is the hundreds digit of 140844431?
4
What is the hundred thousands digit of 264754566?
7
What is the hundred millions digit of 1358002238?
3
What is the thousands digit of 81313698?
3
What is the hundreds digit of 320371096?
0
What is the hundred thousands digit of 47545641?
5
What is the millions digit of 2849943755?
9
What is the billions digit of 3163403624?
3
What is the tens digit of 13300319?
1
What is the tens digit of 17019907?
0
What is the ten millions digit of 728560601?
2
What is the ten thousands digit of 176486479?
8
What is the millions digit of 1120332174?
0
What is the units digit of 1661103510?
0
What is the tens digit of 301677038?
3
What is the units digit of 20283769?
9
What is the units digit of 550468768?
8
What is the ten thousands digit of 354020958?
2
What is the hundreds digit of 1724905256?
2
What is the units digit of 952363210?
0
What is the hundred thousands digit of 2044739673?
7
What is the hundred millions digit of 593517873?
5
What is the hundred millions digit of 2145853580?
1
What is the ten thousands digit of 90075434?
7
What is the units digit of 192716846?
6
What is the hundreds digit of 92270260?
2
What is the millions digit of 2532074565?
2
What is the ten millions digit of 748042426?
4
What is the thousands digit of 91380283?
0
What is the hundred thousands digit of 160319411?
3
What is the hundred millions digit of 382713318?
3
What is the units digit of 1152949126?
6
What is the ten thousands digit of 386252535?
5
What is the thousands digit of 3241261806?
1
What is the thousands digit of 126613645?
3
What is the units digit of 92085812?
2
What is the tens digit of 1959805714?
1
What is the hundred thousands digit of 1324571070?
5
What is the tens digit of 56872150?
5
What is the hundred thousands digit of 4766720234?
7
What is the ten millions digit of 297210131?
9
What is the hundreds digit of 165150108?
1
What is the units digit of 4557955897?
7
What is the ten thousands digit of 100087038?
8
What is the hundred thousands digit of 3840674421?
6
What is the hundred thousands digit of 33805278?
8
What is the millions digit of 91624173?
1
What is the hundred thousands digit of 210408850?
4
What is the millions digit of 96252973?
6
What is the units digit of 128225500?
0
What is the ten thousands digit of 57145427?
4
What is the units digit of 2111102450?
0
What is the hundred thousands digit of 866054976?
0
What is the units digit of 478112645?
5
What is the millions digit of 6764131071?
4
What is the ten thousands digit of 864016158?
1
What is the ten thousands digit of 1244157057?
5
What is the ten millions digit of 2645099304?
4
What is the hundreds digit of 17366367?
3
What is the hundred thousands digit of 71219010?
2
What is the tens digit of 1250304680?
8
What is the millions digit of 56082365?
6
What is the hundreds digit of 723753583?
5
What is the hundreds digit of 288474913?
9
What is the tens digit of 60032633?
3
What is the hundreds digit of 4285607325?
3
What is the ten millions digit of 34637831?
3
What is the tens digit of 191223461?
6
What is the millions digit of 7287702?
7
What is the tens digit of 664457019?
1
What is the thousands digit of 914935110?
5
What is the units digit of 2324803501?
1
What is the thousands digit of 90523217?
3
What is the hundred thousands digit of 24663080?
6
What is the tens digit of 209728198?
9
What is the thousands digit of 658294769?
4
What is the millions digit of 9938787?
9
What is the hundred thousands digit of 1836730878?
7
What is the hundred millions digit of 103224914?
1
What is the hundred millions digit of 744390991?
7
What is the tens digit of 93422124?
2
What is the units digit of 2780451601?
1
What is the ten thousands digit of 49663789?
6
What is the millions digit of 6196317230?
6
What is the units digit of 40604727?
7
What is the billions digit of 5323625893?
5
What is the millions digit of 9507236?
9
What is the hundred thousands digit of 18230957?
2
What is the tens digit of 116641257?
5
What is the ten millions digit of 191458055?
9
What is the ten thousands digit of 97025661?
2
What is the hundred millions digit of 129497186?
1
What is the tens digit of 105702632?
3
What is the units digit of 358167228?
8
What is the thousands digit of 9076048?
6
What is the tens digit of 2239551021?
2
What is the tens digit of 124261177?
7
What is the tens digit of 23797100?
0
What is the billions digit of 1004545939?
1
What is the hundred millions digit of 105829299?
1
What is the hundred millions digit of 244309797?
2
What is the hundred millions digit of 208325951?
2
What is the ten millions digit of 693235518?
9
What is the millions digit of 432875496?
2
What is the millions digit of 44669946?
4
What is the ten millions digit of 2382874345?
8
What is the units digit of 217000888?
8
What is the hundred thousands digit of 3084207793?
2
What is the tens digit of 208704017?
1
What is the millions digit of 160367214?
0
What is the hundred millions digit of 7463172343?
4
What is the hundreds digit of 6484611436?
4
What is the ten millions digit of 947165104?
4
What is the hundreds digit of 2939308743?
7
What is the ten thousands digit of 1704822081?
2
What is the ten millions digit of 77679016?
7
What is the ten millions digit of 55152258?
5
What is the thousands digit of 33415504?
5
What is the hundred thousands digit of 193659507?
6
What is the units digit of 487355204?
4
What is the millions digit of 88349199?
8
What is the hundred thousands digit of 22555724?
5
What is the hundred thousands digit of 5206849440?
8
What is the ten thousands digit of 1172131681?
3
What is the millions digit of 23808497?
3
What is the hundreds digit of 146781091?
0
What is the thousands digit of 174891756?
1
What is the thousands digit of 60645413?
5
What is the hundreds digit of 25154278?
2
What is the ten millions digit of 40950953?
4
What is the units digit of 128021310?
0
What is the millions digit of 19532228?
9
What is the ten thousands digit of 4313962835?
6
What is the tens digit of 268133718?
1
What is the thousands digit of 1258678362?
8
What is the hundred thousands digit of 1555703545?
7
What is the hundred millions digit of 698536756?
6
What is the hundred millions digit of 181200238?
1
What is the ten thousands digit of 1248319749?
1
What is the ten millions digit of 406485675?
0
What is the tens digit of 35959610?
1
What is the tens digit of 65189991?
9
What is the ten millions digit of 3181643472?
8
What is the hundreds digit of 6607678029?
0
What is the units digit of 2796976896?
6
What is the ten millions digit of 224522168?
2
What is the ten millions digit of 1924982835?
2
What is the millions digit of 12874984?
2
What is the ten millions digit of 207515110?
0
What is the hundred thou